ommon divisor of 9199701 and 2254.
1127
Calculate the greatest common factor of 117675 and 18225.
225
What is the greatest common divisor of 33 and 2550777?
3
Calculate the greatest common factor of 27468 and 99288.
252
What is the greatest common factor of 2337360 and 5808?
48
Calculate the highest common divisor of 122943288 and 21.
3
Calculate the highest common divisor of 8149 and 17516.
29
What is the greatest common factor of 2847 and 56616099?
219
Calculate the highest common divisor of 474110 and 806.
26
Calculate the greatest common divisor of 13494865 and 82175.
865
What is the highest common divisor of 70305822 and 48?
6
Calculate the greatest common factor of 228417 and 608601.
1533
What is the highest common divisor of 568 and 730830548?
284
Calculate the highest common divisor of 31221900 and 1575.
225
Calculate the greatest common factor of 1108 and 71199526.
554
What is the highest common divisor of 61 and 3943040?
61
What is the greatest common factor of 10380 and 1044783330?
5190
What is the highest common divisor of 261 and 102198?
3
Calculate the greatest common divisor of 395901 and 2637.
9
What is the highest common divisor of 6171557 and 823199?
4871
What is the highest common factor of 12822500 and 160?
20
Calculate the highest common factor of 2466450 and 988610.
2030
What is the greatest common factor of 14912 and 186633?
233
What is the highest common factor of 53390128 and 69784?
5368
What is the highest common divisor of 5674 and 132297821?
2837
Calculate the highest common factor of 340 and 463845.
85
Calculate the greatest common factor of 45 and 10849131.
9
Calculate the greatest common factor of 535 and 1443705.
5
Calculate the greatest common divisor of 34730 and 42572940.
1510
Calculate the highest common factor of 1141830 and 198585.
135
Calculate the greatest common divisor of 26100 and 880137675.
6525
Calculate the greatest common divisor of 149579857 and 709.
709
What is the greatest common divisor of 3978 and 5504226?
1326
Calculate the greatest common divisor of 553143 and 44274.
141
What is the highest common divisor of 35600225 and 50?
25
What is the greatest common divisor of 1829 and 4133363?
59
What is the highest common factor of 204 and 2872788?
12
Calculate the highest common divisor of 609235678 and 5306.
758
What is the greatest common factor of 28647 and 9456693?
3183
What is the greatest common factor of 31858 and 32913062?
1874
Calculate the highest common divisor of 1090176 and 2244.
204
What is the highest common factor of 89 and 458044107?
89
Calculate the highest common factor of 13 and 388501.
1
What is the highest common factor of 58894 and 2552?
22
What is the highest common divisor of 33 and 254453969?
11
Calculate the highest common factor of 31 and 11677297.
31
What is the highest common factor of 972 and 1286838?
18
Calculate the highest common divisor of 1596 and 10077543.
399
What is the highest common factor of 23154 and 1008561?
681
Calculate the highest common factor of 6804036 and 3300.
12
What is the greatest common divisor of 336 and 20280400?
112
What is the highest common divisor of 27020475 and 615?
15
Calculate the highest common divisor of 121475001 and 20277.
2253
What is the highest common divisor of 9611 and 542335?
1373
Calculate the highest common divisor of 6637 and 20277.
1
Calculate the greatest common divisor of 18696 and 485112.
984
Calculate the greatest common factor of 35052771 and 2769.
2769
Calculate the highest common factor of 114684 and 7100348.
2012
Calculate the greatest common factor of 2820025788 and 18008.
9004
What is the highest common factor of 875 and 174768125?
875
What is the highest common divisor of 1082 and 1189132066?
1082
Calculate the greatest common factor of 41 and 175837520.
41
What is the highest common divisor of 20176545 and 83817?
417
What is the highest common divisor of 206825 and 184893277?
8273
Calculate the highest common divisor of 65066599 and 227.
227
What is the highest common factor of 1533114 and 10449?
27
Calculate the highest common divisor of 2362542 and 113568.
546
Calculate the highest common factor of 2693517 and 11629.
401
Calculate the greatest common factor of 2466 and 160794.
18
Calculate the greatest common divisor of 240637 and 216805.
331
What is the greatest common divisor of 30487817 and 1419?
43
What is the greatest common factor of 3373812 and 3068?
52
What is the greatest common factor of 72 and 83605266?
18
What is the highest common divisor of 3253 and 612536647?
3253
What is the greatest common factor of 91162 and 96444?
38
What is the greatest common factor of 43599581 and 339?
113
Calculate the highest common factor of 2587 and 156342559.
199
What is the greatest common factor of 11052447 and 609?
21
Calculate the highest common factor of 14245327 and 2062.
1031
Calculate the highest common factor of 12595531 and 2613.
871
Calculate the greatest common divisor of 6211 and 847621381.
6211
Calculate the greatest common factor of 4902932 and 8672.
1084
What is the highest common factor of 14673428 and 5964?
1988
What is the highest common factor of 7042240 and 640?
320
What is the highest common divisor of 153 and 8758213?
17
What is the highest common factor of 61520 and 293198168?
6152
What is the greatest common factor of 267300 and 436500?
900
What is the greatest common factor of 245946 and 149286?
1074
Calculate the highest common divisor of 13723197 and 1338.
669
Calculate the highest common factor of 122 and 16034.
2
What is the highest common factor of 327839205 and 3155?
3155
Calculate the highest common factor of 133 and 178889009.
19
What is the highest common divisor of 873161 and 29?
29
Calculate the highest common factor of 955 and 964360.
5
What is the greatest common factor of 40183992 and 2160?
216
What is the greatest common divisor of 13 and 9706216?
13
Calculate the highest common factor of 1127 and 130284581.
1127
Calculate the greatest common divisor of 277769 and 124511.
89
Calculate the greatest common factor of 430 and 71384386.
86
Calculate the highest common divisor of 540 and 708790.
10
What is the highest common factor of 5561 and 1147558?
83
What is the greatest common divisor of 55950 and 2413?
1
Calculate the greatest common divisor of 1175 and 27669605.
235
What is the greatest common factor of 545809 and 85019?
649
What is the highest common factor of 144 and 4253728?
16
What is the greatest common factor of 11853 and 1262223?
27
Calculate the greatest common factor of 189444 and 136.
4
What is the greatest common factor of 3525 and 15675?
75
What is the greatest common divisor of 2528619 and 27?
3
Calculate the greatest common divisor of 237238320 and 120.
120
What is the highest common factor of 1734 and 68862?
6
What is the greatest common divisor of 287 and 216439?
41
Calculate the greatest common factor of 5750559 and 36.
9
Calculate the greatest common factor of 4514815 and 625.
5
What is the highest common factor of 3774072 and 104?
8
What is the greatest common divisor of 5434 and 1676636?
494
Calculate the greatest common factor of 43732 and 27742676.
1508
Calculate the highest common factor of 16324905 and 2316.
579
What is the greatest common divisor of 2200427050 and 950?
950
What is the greatest common factor of 73548 and 516780?
324
Calculate the highest common divisor of 4 and 142017776.
4
Calculate the highest common factor of 815868 and 2304.
36
Calculate the highest common divisor of 190 and 76170335.
95
What is the highest common divisor of 41001990 and 4958?
134
Calculate the highest common factor of 19565325 and 4175.
25
What is the highest common divisor of 411901 and 213693?
3097
Calculate the highest common divisor of 69884 and 124.
4
What is the greatest common factor of 184456681 and 17?
17
What is the greatest common divisor of 3628400 and 12925?
1175
What is the highest common divisor of 23605225 and 175?
175
What is the highest common divisor of 12070277 and 8159?
41
Calculate the highest common factor of 26 and 417349972.
26
What is the greatest common divisor of 10858 and 801445?
89
Calculate the highest common divisor of 11529 and 37350971.
427
Calculate the highest common divisor of 1616 and 815979.
101
What is the greatest